{"id":683,"date":"2018-07-25T15:06:14","date_gmt":"2018-07-25T18:06:14","guid":{"rendered":"https:\/\/artefarranz-caba.infd.edu.ar\/sitio\/?page_id=683"},"modified":"2021-09-20T20:58:47","modified_gmt":"2021-09-20T23:58:47","slug":"institucional","status":"publish","type":"page","link":"https:\/\/artefarranz-caba.infd.edu.ar\/sitio\/institucional\/","title":{"rendered":"El Instituto"},"content":{"rendered":"\n<p><strong><u> Denominaci\u00f3n de la carrera:<\/u><\/strong><br>Profesorado de ARTES VISUALES CON ORIENTACI\u00d3N CERAMICA<\/p>\n\n\n\n<p><strong><u>Norma aprobatoria del Dise\u00f1o Curricular Jurisdiccional:<\/u><\/strong><br>Decreto 1380\/08, Resoluci\u00f3n Ministerial 1409\/12 y Resoluci\u00f3n Ministerial 1735\/13.<\/p>\n\n\n\n<p><strong><u>Denominaci\u00f3n o nombre completo del Instituto:<\/u><\/strong><br>Instituto Superior de Formaci\u00f3n Art\u00edstica \u201cFernando Arranz\u201d<\/p>\n\n\n\n<p><strong><u>T\u00edtulo que otorga:<\/u><\/strong><br>Profesor\/a de ARTES VISUALES CON ORIENTACI\u00d3N CERAMICA<\/p>\n\n\n\n<p><strong><u>Alcances del t\u00edtulo:<\/u><\/strong><br>La carrera del Profesorado de Artes Visuales con orientaci\u00f3n cer\u00e1mica es de car\u00e1cter presencial, habilita en\u00a0 los diferentes niveles y modalidades educativas: Educaci\u00f3n Inicial, Educaci\u00f3n Primaria, Educaci\u00f3n Secundaria, Educaci\u00f3n Art\u00edstica, Educaci\u00f3n Especial, Educaci\u00f3n formal y no formal.<\/p>\n\n\n\n<p><strong><u>Caracter\u00edsticas generales<\/u><\/strong>:<br>Nivel Superior, Formaci\u00f3n Docente, Carrera Presencial<\/p>\n\n\n\n<p><strong> Condiciones de Ingreso<\/strong><br>Los aspirantes al profesorado deber\u00e1n tener: <\/p>\n\n\n\n<p>1-\u00a0T\u00edtulo secundario completo y<\/p>\n\n\n\n<p>2-\u00a0T\u00edtulo de nivel medio art\u00edstico que acredite conocimientos de la especificidad cer\u00e1mica: Maestro Nacional de cer\u00e1mica o Bachillerato especializado en producci\u00f3n\u00a0 cer\u00e1mica o\u00a0 T\u00e9cnico\u00a0 ceramista\u00a0 o T\u00e9cnico en cer\u00e1mica art\u00edstica o acreditaci\u00f3n de saberes.<\/p>\n","protected":false},"excerpt":{"rendered":"<p>Denominaci\u00f3n de la carrera:Profesorado de ARTES VISUALES CON ORIENTACI\u00d3N CERAMICA Norma aprobatoria del Dise\u00f1o Curricular Jurisdiccional:Decreto 1380\/08, Resoluci\u00f3n Ministerial 1409\/12 y Resoluci\u00f3n Ministerial 1735\/13. Denominaci\u00f3n o nombre completo del Instituto:Instituto Superior de Formaci\u00f3n Art\u00edstica \u201cFernando Arranz\u201d T\u00edtulo que otorga:Profesor\/a de ARTES VISUALES CON ORIENTACI\u00d3N CERAMICA Alcances del t\u00edtulo:La carrera del Profesorado de Artes Visuales con &#8230; <a title=\"El Instituto\" class=\"read-more\" href=\"https:\/\/artefarranz-caba.infd.edu.ar\/sitio\/institucional\/\" aria-label=\"More on El Instituto\">[+]<\/a><\/p>\n","protected":false},"author":6,"featured_media":0,"parent":0,"menu_order":0,"comment_status":"closed","ping_status":"closed","template":"","meta":[],"acf":[],"_links":{"self":[{"href":"https:\/\/artefarranz-caba.infd.edu.ar\/sitio\/wp-json\/wp\/v2\/pages\/683"}],"collection":[{"href":"https:\/\/artefarranz-caba.infd.edu.ar\/sitio\/wp-json\/wp\/v2\/pages"}],"about":[{"href":"https:\/\/artefarranz-caba.infd.edu.ar\/sitio\/wp-json\/wp\/v2\/types\/page"}],"author":[{"embeddable":true,"href":"https:\/\/artefarranz-caba.infd.edu.ar\/sitio\/wp-json\/wp\/v2\/users\/6"}],"replies":[{"embeddable":true,"href":"https:\/\/artefarranz-caba.infd.edu.ar\/sitio\/wp-json\/wp\/v2\/comments?post=683"}],"version-history":[{"count":5,"href":"https:\/\/artefarranz-caba.infd.edu.ar\/sitio\/wp-json\/wp\/v2\/pages\/683\/revisions"}],"predecessor-version":[{"id":841,"href":"https:\/\/artefarranz-caba.infd.edu.ar\/sitio\/wp-json\/wp\/v2\/pages\/683\/revisions\/841"}],"wp:attachment":[{"href":"https:\/\/artefarranz-caba.infd.edu.ar\/sitio\/wp-json\/wp\/v2\/media?parent=683"}],"curies":[{"name":"wp","href":"https:\/\/api.w.org\/{rel}","templated":true}]}}

<p><strong><u> Denominación de la carrera:</u></strong><br>Profesorado de ARTES VISUALES CON ORIENTACIÓN CERAMICA</p>



<p><strong><u>Norma aprobatoria del Diseño Curricular Jurisdiccional:</u></strong><br>Decreto 1380/08, Resolución Ministerial 1409/12 y Resolución Ministerial 1735/13.</p>



<p><strong><u>Denominación o nombre completo del Instituto:</u></strong><br>Instituto Superior de Formación Artística “Fernando Arranz”</p>



<p><strong><u>Título que otorga:</u></strong><br>Profesor/a de ARTES VISUALES CON ORIENTACIÓN CERAMICA</p>



<p><strong><u>Alcances del título:</u></strong><br>La carrera del Profesorado de Artes Visuales con orientación cerámica es de carácter presencial, habilita en  los diferentes niveles y modalidades educativas: Educación Inicial, Educación Primaria, Educación Secundaria, Educación Artística, Educación Especial, Educación formal y no formal.</p>



<p><strong><u>Características generales</u></strong>:<br>Nivel Superior, Formación Docente, Carrera Presencial</p>



<p><strong> Condiciones de Ingreso</strong><br>Los aspirantes al profesorado deberán tener: </p>



<p>1- Título secundario completo y</p>



<p>2- Título de nivel medio artístico que acredite conocimientos de la especificidad cerámica: Maestro Nacional de cerámica o Bachillerato especializado en producción  cerámica o  Técnico  ceramista  o Técnico en cerámica artística o acreditación de saberes.</p>

<p>Denominación de la carrera:Profesorado de ARTES VISUALES CON ORIENTACIÓN CERAMICA Norma aprobatoria del Diseño Curricular Jurisdiccional:Decreto 1380/08, Resolución Ministerial 1409/12 y Resolución Ministerial 1735/13. Denominación o nombre completo del Instituto:Instituto Superior de Formación Artística “Fernando Arranz” Título que otorga:Profesor/a de ARTES VISUALES CON ORIENTACIÓN CERAMICA Alcances del título:La carrera del Profesorado de Artes Visuales con &#8230; <a title="El Instituto" class="read-more" href="https://artefarranz-caba.infd.edu.ar/sitio/institucional/" aria-label="More on El Instituto">[+]</a></p>
