{"id":685,"date":"2018-07-25T15:06:42","date_gmt":"2018-07-25T18:06:42","guid":{"rendered":"https:\/\/artefarranz-caba.infd.edu.ar\/sitio\/?page_id=685"},"modified":"2025-04-08T19:20:14","modified_gmt":"2025-04-08T22:20:14","slug":"autoridades","status":"publish","type":"page","link":"https:\/\/artefarranz-caba.infd.edu.ar\/sitio\/institucional\/autoridades\/","title":{"rendered":"Autoridades"},"content":{"rendered":"<h4><span data-mce-mark=\"1\"><strong>DIRECTOR DE CARRERA<\/strong><\/span><\/h4>\n<p><em>Prof. Gonzalo Gayoso<\/em><\/p>\n<p>En 2001 egresa como profesor de Pintura de la Escuela Nacional de Bellas Artes Prilidiano Pueyrredon; Desde 2001 y hasta el 2004 integra el taller de realizaci\u00f3n art\u00edstica y escenogr\u00e1fica del Grupo de Teatro Catalinas, dando seminarios ytalleres abiertos a la comunidad. Entre agosto de 2004 y diciembre de 2007 realiza el bocetado de obras originales y dirige grupos de muralistas encargados de realizar obras en las fachadas de varios complejos habitacionales en el barrio de Barracas y la Boca para el IVC<br \/>\n(Instituto de la Vivienda de la Ciudad), dependiente del Gobierno de Bs. As.<\/p>\n<p><span data-mce-mark=\"1\">Tel\u00e9fono: 4567 3713 (int 107)<\/span><\/p>\n<p><span data-mce-mark=\"1\">E-mail: esea.arranzterciaria@bue.edu.ar<\/span><\/p>\n<h4><\/h4>\n<h4><span data-mce-mark=\"1\"><strong>SECRETARIO<\/strong><\/span><\/h4>\n<p><em>Prof. Leandro Bisogno<\/em><\/p>\n<p>Profesor Nacional de M\u00fasica egresado del Conservatorio Fracassi, Belgrano Ciudad de Buenos Aires. Licenciatura en Composici\u00f3n y Orquestaci\u00f3n UCA (sin finalizar), Licenciatura en Musicoterapia UBA (sin finalizar). Desde el a\u00f1o 2009 Secretario del profesorado.<\/p>\n<p><span data-mce-mark=\"1\">Tel\u00e9fono: 4567 3713\u00a0<\/span><\/p>\n<p><span data-mce-mark=\"1\">E-mail: esea.arranzterciaria@bue.edu.ar<\/span><\/p>\n<h4><\/h4>\n<h4><strong>COORDINACIONES<\/strong><\/h4>\n<p><b>\u00c1rea Cer\u00e1mica<\/b><\/p>\n<p><em>Prof. Eliana Gimenez<\/em><\/p>\n<p>Profesora Nacional de Cer\u00e1mica Art\u00edstica, Inst. Universitario Nacional del Arte (IUNA). Licenciatura en Artes Visuales orientaci\u00f3n Artes del Fuego. Directora de Arte, recibida en La Asociaci\u00f3n Argentina de Agencias de Publicidad (AAAP). Realiz\u00f3 cursos y seminarios de especializaci\u00f3n. Particip\u00f3 de Producciones Art\u00edsticas, muestras individuales y grupales. Particip\u00f3 de salones como: Museo de Bs. As. de La Plata &amp;;La Mujer y su Protagonismo Cultural. Tercera Bienal De Cer\u00e1mica de Berazategui&amp;quot;, Centro Cultural Rigolleau. Museo Jos\u00e9 Hern\u00e1ndez ;Bienal de Artesan\u00edas; Sal\u00f3n de Peque\u00f1o Formato. XI y XV Sal\u00f3n de Cer\u00e1mica de Avellaneda, obteniendo menciones. Actualmente se desempe\u00f1a como profesora de Taller Cer\u00e1mico, Proyectual y Ciencias Aplicadas, en la carrera de Artes del Fuego, Departamento de artes Visuales IUNA.<\/p>\n<p><span data-mce-mark=\"1\">E-mail: coordinacioneseaterciario@gmail.com<\/span><\/p>\n","protected":false},"excerpt":{"rendered":"<p>DIRECTOR DE CARRERA Prof. Gonzalo Gayoso En 2001 egresa como profesor de Pintura de la Escuela Nacional de Bellas Artes Prilidiano Pueyrredon; Desde 2001 y hasta el 2004 integra el taller de realizaci\u00f3n art\u00edstica y escenogr\u00e1fica del Grupo de Teatro Catalinas, dando seminarios ytalleres abiertos a la comunidad. Entre agosto de 2004 y diciembre de &#8230; <a title=\"Autoridades\" class=\"read-more\" href=\"https:\/\/artefarranz-caba.infd.edu.ar\/sitio\/institucional\/autoridades\/\" aria-label=\"More on Autoridades\">[+]<\/a><\/p>\n","protected":false},"author":6,"featured_media":0,"parent":683,"menu_order":0,"comment_status":"closed","ping_status":"closed","template":"","meta":[],"acf":[],"_links":{"self":[{"href":"https:\/\/artefarranz-caba.infd.edu.ar\/sitio\/wp-json\/wp\/v2\/pages\/685"}],"collection":[{"href":"https:\/\/artefarranz-caba.infd.edu.ar\/sitio\/wp-json\/wp\/v2\/pages"}],"about":[{"href":"https:\/\/artefarranz-caba.infd.edu.ar\/sitio\/wp-json\/wp\/v2\/types\/page"}],"author":[{"embeddable":true,"href":"https:\/\/artefarranz-caba.infd.edu.ar\/sitio\/wp-json\/wp\/v2\/users\/6"}],"replies":[{"embeddable":true,"href":"https:\/\/artefarranz-caba.infd.edu.ar\/sitio\/wp-json\/wp\/v2\/comments?post=685"}],"version-history":[{"count":14,"href":"https:\/\/artefarranz-caba.infd.edu.ar\/sitio\/wp-json\/wp\/v2\/pages\/685\/revisions"}],"predecessor-version":[{"id":1018,"href":"https:\/\/artefarranz-caba.infd.edu.ar\/sitio\/wp-json\/wp\/v2\/pages\/685\/revisions\/1018"}],"up":[{"embeddable":true,"href":"https:\/\/artefarranz-caba.infd.edu.ar\/sitio\/wp-json\/wp\/v2\/pages\/683"}],"wp:attachment":[{"href":"https:\/\/artefarranz-caba.infd.edu.ar\/sitio\/wp-json\/wp\/v2\/media?parent=685"}],"curies":[{"name":"wp","href":"https:\/\/api.w.org\/{rel}","templated":true}]}}

<h4><span data-mce-mark="1"><strong>DIRECTOR DE CARRERA</strong></span></h4>
<p><em>Prof. Gonzalo Gayoso</em></p>
<p>En 2001 egresa como profesor de Pintura de la Escuela Nacional de Bellas Artes Prilidiano Pueyrredon; Desde 2001 y hasta el 2004 integra el taller de realización artística y escenográfica del Grupo de Teatro Catalinas, dando seminarios ytalleres abiertos a la comunidad. Entre agosto de 2004 y diciembre de 2007 realiza el bocetado de obras originales y dirige grupos de muralistas encargados de realizar obras en las fachadas de varios complejos habitacionales en el barrio de Barracas y la Boca para el IVC<br />
(Instituto de la Vivienda de la Ciudad), dependiente del Gobierno de Bs. As.</p>
<p><span data-mce-mark="1">Teléfono: 4567 3713 (int 107)</span></p>
<p><span data-mce-mark="1">E-mail: esea.arranzterciaria@bue.edu.ar</span></p>
<h4></h4>
<h4><span data-mce-mark="1"><strong>SECRETARIO</strong></span></h4>
<p><em>Prof. Leandro Bisogno</em></p>
<p>Profesor Nacional de Música egresado del Conservatorio Fracassi, Belgrano Ciudad de Buenos Aires. Licenciatura en Composición y Orquestación UCA (sin finalizar), Licenciatura en Musicoterapia UBA (sin finalizar). Desde el año 2009 Secretario del profesorado.</p>
<p><span data-mce-mark="1">Teléfono: 4567 3713 </span></p>
<p><span data-mce-mark="1">E-mail: esea.arranzterciaria@bue.edu.ar</span></p>
<h4></h4>
<h4><strong>COORDINACIONES</strong></h4>
<p><b>Área Cerámica</b></p>
<p><em>Prof. Eliana Gimenez</em></p>
<p>Profesora Nacional de Cerámica Artística, Inst. Universitario Nacional del Arte (IUNA). Licenciatura en Artes Visuales orientación Artes del Fuego. Directora de Arte, recibida en La Asociación Argentina de Agencias de Publicidad (AAAP). Realizó cursos y seminarios de especialización. Participó de Producciones Artísticas, muestras individuales y grupales. Participó de salones como: Museo de Bs. As. de La Plata &amp;;La Mujer y su Protagonismo Cultural. Tercera Bienal De Cerámica de Berazategui&amp;quot;, Centro Cultural Rigolleau. Museo José Hernández ;Bienal de Artesanías; Salón de Pequeño Formato. XI y XV Salón de Cerámica de Avellaneda, obteniendo menciones. Actualmente se desempeña como profesora de Taller Cerámico, Proyectual y Ciencias Aplicadas, en la carrera de Artes del Fuego, Departamento de artes Visuales IUNA.</p>
<p><span data-mce-mark="1">E-mail: coordinacioneseaterciario@gmail.com</span></p>

<p>DIRECTOR DE CARRERA Prof. Gonzalo Gayoso En 2001 egresa como profesor de Pintura de la Escuela Nacional de Bellas Artes Prilidiano Pueyrredon; Desde 2001 y hasta el 2004 integra el taller de realización artística y escenográfica del Grupo de Teatro Catalinas, dando seminarios ytalleres abiertos a la comunidad. Entre agosto de 2004 y diciembre de &#8230; <a title="Autoridades" class="read-more" href="https://artefarranz-caba.infd.edu.ar/sitio/institucional/autoridades/" aria-label="More on Autoridades">[+]</a></p>
